 (18 - -131 - 17).
93
-20 + 86 - (639 - 558)
-15
What is the value of 103 + (-5 + 51 + -15 - (5 - -5))?
124
Calculate 47 - 59 - -5 - -80.
73
Evaluate -3 + 2 + -4 + (-38 - (21 - 67)).
3
Calculate 22 + (-1 - (2 + -7 - 5) - 143).
-112
Evaluate -30 + 65 + (64 - -30).
129
What is -2 + 9 + 2 + 28 + -27 - (13 - 52)?
49
What is (2 - 4) + (2 + -2 - 0) + 694 + -694?
-2
Calculate -63 + (3 - (18 - (16 + -13 + 9))).
-66
Evaluate (27 - (38 - -5 - 20)) + -52.
-48
Evaluate (18 - (-19 + -10) - -8) + -2 - (3 + 2).
48
Calculate (-115 - 8) + (-14 - -47 - (-44 - -63)).
-109
Calculate (-19 - -50 - 30 - (-10 + 3)) + -30.
-22
What is 8 + ((-5 - -5) + -9 - (-52 + 43))?
8
-1 + (-5351 - -5436) + (-16 - (2 + -1))
67
Calculate -87 + (2763 - 2731 - (-3 + 0)).
-52
What is the value of (1 - 22) + (46 + -38 - -45)?
32
Calculate 90 + (-64 - -48) + -56.
18
What is the value of 7 + -54 + 1 - (29 - 31)?
-44
Evaluate (-357 - -330 - 123) + (45 - 1).
-106
Evaluate (-11 - 207) + 233 + -2 + 2.
15
49205 + -49219 - (-1 - (31 - 0))
18
Evaluate 53 + (-38 - -60) + -21.
54
What is the value of (22 - (11 + 8 + 18)) + 53?
38
What is -40 - (-42 - -56) - -33?
-21
1 + (3 - (0 + 2) - -2) - (304 + -270)
-30
What is 0 + (-1 - 58) + (3 + 1 - (-42 + 59))?
-72
What is -19 + (-38 - -6) - (-7 - 7)?
-37
Calculate (-4276 - -4224) + (186 - 3).
131
What is (228 - 187) + -17 + 7?
31
Calculate 2106 - 2075 - (-1 + 1).
31
What is the value of 92 + 33 + (-28 - 8) - (1 + -1)?
89
Calculate -84 + 24 + 20 - (1 + -1 + -5).
-35
What is 43 - ((-14 - (-18 - (-10 - -18))) + -2)?
33
Calculate -14 + (-28 - (-7 + (-1 - -31))).
-65
-8344 + 8185 - (-2 - 84)
-73
Evaluate -8 + 1 - (37 + -17 + -13).
-14
What is (2 - (7 - (22 - 14))) + (-52 - -1)?
-48
What is -1 + (17 - (14 + -7)) - (-20 - 3)?
32
What is the value of (378 - (345 + 75)) + 0 + 118?
76
-175 + 44 + -22 - -85
-68
What is the value of 41 + 3 + -27 + (-3 - (6 + 5))?
3
What is the value of (-1 - (-3 - 2) - (-77 + 72)) + 79 + -24?
64
What is the value of -4 - (5 - 3) - ((2 - -7) + -88)?
73
What is -1 - (16 + -26) - (27 - (7 + -3 + -3))?
-17
What is the value of -9 + (44 - (-1 + 24)) + -6 + -90?
-84
What is -8 + (-10 - 2) + 48 - 94?
-66
What is the value of 79 - 73 - (-6 + 9 - -6) - -18?
15
Calculate 2 + (-1 + -58 - -3) - ((-32 - -40) + 2).
-64
Evaluate 48 + -47 - (2 - 10 - -19 - -2).
-12
Evaluate (-4 - (8 - -6)) + 3.
-15
What is 29 + 26 + 4 + -54?
5
Calculate (-13 - 15) + 11 - (0 + -16).
-1
Evaluate (-1 + 4 - (0 - -12)) + (44 - 35) - -44.
44
-20 + -10 + -18 + -12
-60
Calculate -1 + 0 - 16 - (-4377 - -4371).
-11
191 + -191 + 1 + -6 + -60 + (-15 - -26)
-54
Evaluate -2600 + 2692 + -94 + 1.
-1
64 + -61 + 41 + 17
61
What is 14 - (55 + -1 + (2 - -10 - 0 - 7))?
-45
9 + 1 + 1 + 240 + (-70 - 214)
-33
-330 + 265 + -3 + 33
-35
What is the value of -42 - -52 - (-4 + 17 + -9 + -11)?
17
Calculate (-2 - (-4 - -3 - 5)) + (2 - 15) + -8.
-17
What is (12 - -37) + -155 + 36?
-70
What is -21 + (8 + 79 - 28) - 15?
23
Evaluate 0 + 2 + -27 + (56 - 68 - -26) - -54.
43
Evaluate (99 + -85 - 35) + -52.
-73
What is -2 + 43 - 1 - (-65 - (-13 - 53))?
39
What is (1 - 15) + -74 + 97 + -46?
-37
Calculate -50 - (-50 + 26) - -41 - (22 + -2).
-5
What is the value of -10 + (0 - (100 + 2 - ((52 - 27) + -12)))?
-99
-110 + (-2 - -3) - ((-51 - -96) + -8 + -52)
-94
5 + (2 + (-3 - -4) - (-5 - 3)) + 62
78
What is the value of 4 + -30 + (38 - 7 - 49)?
-44
Evaluate -6 + -64 - (-374 + 324).
-20
What is 167 + -170 - (1 + (1 - (38 - 1)))?
32
(-9 - -17) + -10 + 5 + 33 + -40 + 12
8
Evaluate 112 - (-18 + 0 - (65 + -71) - (2 + -27)).
99
What is -68 - (288 - 312 - (1 - 9))?
-52
What is the value of -47 + 78 + -38 + -43?
-50
What is the value of -1 - 8 - ((42 - 43) + -5)?
-3
What is 1 - (-39 + -2) - (-26 - (-27 - 17 - -22))?
46
What is the value of (42 - -16) + 20 - 37?
41
What is 92 + -27 + -18 - 97?
-50
What is -24 + 77 - (156 + -1)?
-102
What is (97 - (159 + -86)) + -100?
-76
Calculate 105 + (-154 - (-98 - -54)).
-5
What is the value of 2 + 3 - (12 + 2 + (-3 - -60 - -8))?
-74
What is the value of -40 + (1 - (7 + -2 + 8 - 21))?
-31
Calculate (0 - 2) + (17 - 7 - (55 - 12)).
-35
What is the value of -40 + 0 - (-29 + 35 - 6)?
-40
Evaluate 34 + (-17 - (27 - 27)) + 87 + -2.
102
Evaluate 5 + (-2 - (0 + -3)) + (-39 - -97 - 101).
-37
Evaluate -198 + (38 - (39 - 75)).
-124
-35 + 9 - -48 - (1 + -24)
45
2 + (9 - 30) - (190 + -88)
-121
What is the value of 0 - 22 - (-1 + -16 + -16 + 13)?
-2
Evaluate (2 - -1 - 3) + 87 + -100 + -36.
-49
0 - (-1 - -11) - (0 - 40 - (-469 + 505))
66
What is the value of 20 + 26 + -17 + 25?
54
-121 + 213 - (-5 - -3)
94
What is 20 + (-14 - (1 - 10)) + -38 - (6 + 1)?
-30
Calculate 0 + 12 + -602 + 561.
-29
Calculate (7 - -7) + -9 - (15 - 26).
16
Calculate -34 + 6 - (-240 - -264) - -11.
-41
What is 5 + 2 + (-15 - (-1 + 6) - -11 - -26)?
24
What is -27 + 33 + (20 - 53 - -34)?
7
What is (-5 - -6) + 31 - (11 - (-8 + 11))?
24
Calculate 0 - 101 - (10 + -20 + (-14 - -8) + 1).
-86
(-20 - 2) + 280 + -261 - (31 - 1)
-33
What is 60 + (31 - 24) + -7?
60
What is the value of (0 - -39) + 18 + 1 + -10 + 5?
53
What is (-1 - -12) + -64 + 55 - -31?
33
-55 + 32 - -37 - -29
43
Evaluate (25 + -23 - -8) + 9 - (27 - 0).
-8
What is -17 - -55 - 25 - (-5 + (-5 - -4))?
19
What is 543 + -282 + -240 - (-7 + -1 + 0)?
29
What is the value of -6 + (0 + -15 - (164 - 174)) + -1?
-12
What is the value of (0 - -3) + -1 + 1 + -967 + 452 + 569?
57
What is the value of -59 + (-12 + (25 - (-5 + 19)) - -9)?
-51
Calculate (-43 - (-35 + 1)) + -1 + (-17 - (-6 + 4)).
-25
What is -63 - (-12 + (-12 - 3 - -15))?
-51
What is -140 + -4 + (8 + -23 - -52)?
-107
What is (15 - 1) + ((-4 - 42) + 15 - -44)?
27
Calculate -14 + (2 - (25 + -30)).
-7
Calculate (-179 - (210 + -423)) + (-9 - (4 + -2)).
23
What is 33 + -41 + 24 + -7 + -20?
-11
What is the value of (134 - 153) + 33 + 0 + -1 + -8?
5
What is -7 + (7 - (49 + -54) - (14 + 1))?
-10
(-29 - (1 - (2 - -10))) + 6 - -15 - -87
90
What is -81 + (2 - (-48 + 77) - 9)?
-117
What is the value of 79 + -81 + 122 + -34?
86
Calculate -93 + ((-50 - (-34 - -25)) + 30 - (0 - 9)).
-95
Evaluate 6 + (-8 - (-3 - -3) - -4 - -19).
21
70 + (-11 + -4 - -9) + -1 - (-7 - -3)
67
What is 1 + (7 + -5 - -7) + 0?
10
Calculate (-52 - -66) + -66 + (2 - -4).
-46
32 - (-14 + 1 - (-31 + 36) - -10)
40
Calculate 1 - (2 + 3) - (308 + -316).
4
Evaluate (-256 - -123) + 30 - -177.
74
17 + -1 - (-54 + 75 + -15)
10
Evaluate (-14 - (-13 + -8)) + (48 - -8) + -7 + 5.
61
What is the value of -27 + (-40 - (29 + -49 - 12))?
-35
Evaluate 19 + -17 + 39 + (28 - 8).
61
Evaluate (-10929 - -10925) + (2 - (2 + -55)).
51
Calculate (15 - 8) + -1 + 1 - (113 + -173).
67
What is 11 + -15 + 9 + -5 + 12 - (-2 - 5)?
19
What is the value of 59 + (-6 - -33) + 22 - (0 - -21)?
87
Evaluate -72 - 1 - -6 - (-4 - -2) - (-122 - -128).
-71
Evaluate -22 + 1 + 0 - ((404 - 254) + -142).
-29
Calculate (6 - 25) + (79 + -27 - -6).
39
What is 3 + -16 + (-14 - -20) - -34?
27
What is the value of 4 - (-6 + 5 + -77 - (-1 + -1 - 6))?
74
What is the value of -34 + -16 + (-7 - (5 + -7)) + 16?
-39
What is -31 - (-4 + -4) - -46?
23
Calculate (-145 - -3) + (64 - (79 - 40)).
-117
Calculate -39 + (-5 - -2) - (410 + -419).
-33
What is the value of -2 - 111 - (-4 + (-39 + 18 - -30)) - 13?
-131
6 + (-5 - -2 - -28) + (-97 - -95)
29
What is -65 + (86 + -28 - -41)?
34
Evaluate -8 + (-11 - -89) + (-13 - (6 + -4)).
55
Evaluate (-16 - 15) + 16 + 3 + -1 + -6.
-19
What is -1 - -116 - (0 + (-22 - -29 - 22) + 19)?
111
Evaluate 153 - (98 - (42 - 72)).
25
What is the value of (50 - 46 - -10) + 25?
39
What is the value of 169 - 240 - (1 - 110)?
38
-8 + (-1 - 6 - 3) + (-54 - (60 - 60))
-72
What is the value of 43 + 4 + 0 + (3 - (-27 - 2 - -31))?
48
-2 + -1 + (-35 - (-45 + 24 - -24))
-41
Calculate 2 - -36 - (86 - 86 - (-15 - 0)).
23
What is -2 + 11 + -215 + 87 + 82?
-37
Calculate 33 + (-22 - (-26 + -26)).
63
What is the value of -23 + 16 + -8 + (39 - -7)?
31
Evaluate (-1 - 109) + (5674 - 5613).
-49
What is the value of -12 - (-80 + 29 + 6 + 15 + 1)?
17
What is (-5 + (-4 - -9) - (320 + -312)) + 15?
7
Evaluate -35 + 1 + -1 + 68520 + -68363.
122
What is the value of -7 + 5 + 0 + 167 + -196?
-31
Evaluate 35 + -70 + (0 + -1 - 17) + 17.
-36
What is (-44 - -14) + 60 + -42 - -70?
58
Evaluate (-35 - 143) + 195 - (-68 + -1).
86
W